3*s. Is (-466*(-6)/s)/1 composite?
False
Suppose -2685 = -2*d - 3*j, 3*d - 5196 = 3*j - 1191. Let x = 4 + 13. Is (x/(-51))/(1 + (-1340)/d) prime?
True
Let o = 96138 + -16559. Is o prime?
True
Suppose 0 = -5*r - 10, 5*c - 2*r + 4*r + 11299 = 0. Let l = 3898 + c. Is l prime?
False
Let l = -104458 + 160757. Is l a prime number?
True
Let b = -132180 - -429065. Is b composite?
True
Let g be (-4)/(-6)*(-1 + 5/2). Let f be (-4 - -3)/(3/(g*-6)). Suppose -6*p + 3836 = -f*p. Is p prime?
False
Suppose 2*r - 2*m = 4494, -r = -2*m + 671 - 2913. Suppose 252*p + r = 256*p. Is p prime?
True
Suppose -2*g - 4847 - 14429 = -2*r, -5*r = 4*g - 48145. Suppose -3*m + 28200 = -r. Is m composite?
False
Let h = -88435 - -700052. Is h a prime number?
False
Suppose q = -5*u + 957837 + 370350, 0 = -3*u + 5*q + 796901. Is u prime?
False
Let j = 483964 - 164363. Is j composite?
False
Suppose 3*x + 219 = 4*u, 5*u = 4*x - 50 + 325. Let o = -51 + u. Suppose o = -7*s + 4223 + 3596. Is s prime?
True
Suppose 47*u - 3315458 - 10627114 = 2127715. Is u a composite number?
True
Let j(s) = 6727*s - 41. Let i = 177 - 176. Is j(i) prime?
False
Suppose 6*x + 5184 = 3*x - 5*a, 0 = -x + 5*a - 1728. Let n = x + 866. Let o = 2055 + n. Is o a composite number?
False
Suppose 3*a - 4*o + 2 = -3, 4*a + 5 = 5*o. Let n be ((-3)/6)/(a/(-31990)). Let l = n + -152. Is l a composite number?
True
Let r(q) = -3373*q + 55. Let b be 18/4*50/(-75)*1. Is r(b) a prime number?
False
Let n be (72/20)/(-6) - (-98)/5. Suppose n + 49 = 4*g. Suppose -g*f + 413 = -10*f. Is f a composite number?
False
Suppose -843*o = -1021*o + 15888458. Is o a prime number?
True
Let c(p) = 30*p**3 - 5*p**2 + 4*p. Let g(j) = 89*j**3 - 17*j**2 + 12*j - 1. Let f(x) = -11*c(x) + 4*g(x). Is f(3) a prime number?
True
Is (3780350/6 + 1)*((-30)/12 - -4) composite?
False
Let p = -135 + 216. Let u be p*(535/(-75) + (-4)/(-30)). Let t = -34 - u. Is t a prime number?
False
Suppose 7*i - 9*i - 8 = 0. Is i*9/60*-25 a composite number?
True
Let j(x) = -2*x + 14. Let o be j(3). Suppose -5*z - 2*a + 6*a + 36 = 0, -z = -a - o. Suppose g + 3*d = 467, -z*d + 3*d = g - 475. Is g a composite number?
False
Let u(h) = -h**2 + 7*h - 6. Let d be u(6). Suppose -3*f + 9183 - 3201 = d. Is f composite?
True
Suppose 4*f - 44 = -28, 3*f = -5*u + 309157. Suppose -3*l - 4*q = -u, -56654 = -3*l + 2*q + 5163. Is l a composite number?
True
Let r(s) = -99432*s - 475. Is r(-3) a prime number?
False
Let x(d) = 7937*d**2 + 1075*d + 7531. Is x(-7) prime?
False
Let i be (2 - -3) + (-42)/(-2) - 5. Let m be (-2)/6*(2 - -1). Is (m - i/(-15)) + (-61665)/(-25) a prime number?
True
Suppose 4*g = -0*g + 4. Suppose -3*i - g = v, -2*v + 0*i = -3*i - 25. Is 118*(2 + (-12)/v) a composite number?
False
Suppose -m - 137442 = -2*j, -9*j + 6*j + 206181 = 3*m. Is j composite?
True
Let d(y) = -7760*y + 2. Let j be d(-2). Suppose -j = -11*b - 2861. Is b a composite number?
False
Let r(k) = 785*k**2 - 195 + 1241*k**2 + 106 - 22*k. Is r(-5) prime?
True
Let o = -70673 - -172966. Is o prime?
True
Let q = -388061 - -559922. Is q composite?
True
Let f(o) be the first derivative of 3*o**2/2 + 10*o - 2. Let a be f(-4). Is 2/6*a + (-570)/(-18) a prime number?
True
Let k be ((-6)/(-10))/((-4)/(-60)). Is (560/(-24) + 9)/((-1)/k) composite?
True
Let f = 15022 - 14321. Is f composite?
False
Let v be (-12)/9*312273/26. Let d = -10969 - v. Is d a composite number?
True
Let a(f) = 5*f + 5. Let r be a(-8). Let h be (-430)/r + 2/(-7). Let o(t) = t**2 + 15*t - 5. Is o(h) a composite number?
True
Let g be 128119 - ((-1 - (-25)/5) + 1). Suppose g = 15*d - 103621. Is d composite?
True
Let h(z) = z**3 + 38*z**2 + 33*z - 131. Let r be h(-33). Let n = r + -1062. Is n composite?
False
Suppose -r + 81940 = 2*s, 0 = -2*s + 156*r - 151*r + 81928. Is s composite?
True
Let a(p) = p**2 + 6*p + 5. Let y be a(-5). Suppose -4*b = 2*c + 700, 2*c + 4*b + b + 702 = y. Is (40/24)/(2 + c/174) prime?
False
Is (-100 - -9 - (1 - 9))*-257 prime?
False
Let m be ((-140)/(-8) - -2)*4/(-6). Let q be m - -3*(-4)/(-6). Let d(j) = -29*j - 16. Is d(q) prime?
False
Let k = -56 - -58. Let i(x) = 3*x**2 - 6*x - 3 - 32*x**3 - 12*x**k + 5*x**2. Is i(-3) a prime number?
False
Let q = 0 - -17. Let j(c) be the third derivative of -c**6/120 + 3*c**5/10 + 5*c**4/24 - 7*c**3/2 + 15*c**2. Is j(q) a composite number?
False
Let f(i) = 28*i**3 - 3*i**2 - 11*i + 10. Let o be f(4). Is (1 - o)*4*6/(-24) prime?
True
Let j(h) = h**2 + 4*h + 20. Let t(k) = -k**3 - 8*k**2 + 9. Let x be t(-7). Let p be 12/(-8)*x/(-4). Is j(p) a prime number?
False
Let j(g) = -4*g**3 + 51*g**2 + 39*g - 9. Is j(-28) a prime number?
True
Suppose -20 - 16 = 6*q. Is (4 + 69160)/(q - -10) prime?
True
Let z(r) be the second derivative of -r**5/4 + r**4/12 + 37*r**3/6 + 5*r**2/2 + 124*r. Is z(-8) composite?
False
Suppose 1358058 + 3250607 = 40*d - 501855. Is d prime?
True
Suppose 24*o = -2752309 + 30604093. Is o a prime number?
True
Is ((-385)/14)/11 + 3367539/2 a composite number?
False
Suppose 4*z + 1 = -23. Is -1 + 9*(-740)/z composite?
False
Suppose 2*y = -3*k + 185860, -15*y + 12*y - 5*k + 278793 = 0. Is y a composite number?
False
Let l(y) = 97*y - 1364. Let r be l(14). Let z(b) = 2428*b**2 + 2*b - 3. Let o be z(3). Is (-18)/12 - o/r a composite number?
True
Suppose -2*h + 22725 - 4691 = 0. Let n = -2994 + h. Is n composite?
True
Suppose -11*r - 2 = -12*r. Suppose 0 = 5*f + 3*j - 24, -5*f + 37 - 3 = -r*j. Suppose 777 = f*z - 1305. Is z prime?
True
Let r(p) = -298*p + 7. Let s(z) = 3*z. Let q(b) = -r(b) + 4*s(b). Is q(2) a prime number?
True
Let p(q) = -201*q**3 - 36*q**2 - 321*q + 11. Is p(-9) prime?
True
Let x be (-3)/(-6) - 2/4. Suppose -514 = -20*c - 374. Suppose x = 4*k + 10*b - c*b - 3890, 2 = b. Is k a prime number?
True
Suppose 1844 + 3371 = 7*p. Suppose -41*v = -46*v + p. Is v a composite number?
False
Suppose 51838*v + 19441624 + 7191041 = 51865*v. Is v a prime number?
False
Let h(a) = -32*a - 190. Let s be h(-6). Suppose -s*m + 5*y + 4564 + 10078 = 0, 0 = 5*y - 20. Is m a prime number?
True
Let d be 0 + 2 + 0 - (-15982)/2. Is (1*d)/(-27 + 28) a composite number?
False
Suppose -6*q + 243 = -15*q. Is (-2 + (-45)/q)/(3/(-103203)) prime?
True
Let n = -414 + 229. Suppose 211 = -2*r + 7. Let h = r - n. Is h composite?
False
Suppose -9*u - 1136629 = -7819120. Is u a composite number?
False
Let z(p) = 22*p**3 - 8*p**2 + p - 5. Let r = -91 + 95. Let q(m) = -m**2 + m. Let h(l) = r*q(l) - z(l). Is h(-2) a composite number?
False
Is ((-34)/(-68))/((-3)/(-790026)) a prime number?
True
Suppose 3*a + 3638 = -13591. Let q = a + 10584. Is q a composite number?
True
Let f = -113 - -116. Suppose 2*c - f*t - 2*t - 11793 = 0, 4*c + 3*t - 23625 = 0. Suppose 5*x = 7631 + c. Is x a composite number?
False
Suppose -3*h = 2*w - 33, -2*w + h = -4*w + 35. Suppose s = 56 + w. Is s prime?
False
Let s(q) = 32*q + 105*q**2 - 106*q**2 - 34*q + 33*q**3 + 3. Is s(3) composite?
True
Let b(x) = -17 - 13*x - 15*x**2 + 2 + 10*x**2 + 2*x**3. Is b(7) a composite number?
True
Let w(l) = -29*l**3 - 12*l**2 - 16*l + 89. Let i(q) = -30*q**3 - 14*q**2 - 18*q + 91. Let u(p) = -5*i(p) + 6*w(p). Is u(-11) composite?
False
Let r = -46 - -51. Let y(z) = z**3 - 4*z**2 - 4*z - 5. Let v be y(r). Suppose v = 8*l - 1719 - 1265. Is l prime?
True
Let f = 1176 - 392. Suppose 552 = 8*i - f. Is i a composite number?
False
Suppose -7*m + 3 + 32 = 0. Let s(b) = -b**2 + 11*b - 27. Let r be s(m). Suppose 0 = -6*u + 4*u - i + 2516, r*i = u - 1265. Is u a prime number?
True
Suppose 3*u - 2985 = 4*n - 728, 5*n + 734 = u. Suppose -609 = 2*k + 3*t + u, 3*t - 3399 = 5*k. Let l = 1154 + k. Is l composite?
True
Suppose -6*b - 243 = -657. Is b - (3 - 3 - -4) composite?
True
Suppose 12*l + 22*l = 0. Suppose l = 11*p - 13*p - 4*i + 918, -1872 = -4*p + i. Is p a prime number?
True
Let d(k) = 5*k**3 + 59*k**2 + 44*k + 9. Let q(u) = 6*u**3 + 58*u**2 + 43*u + 8. Let p(o) = -4*d(o) + 3*q(o). Is p(-37) a composite number?
True
Is (15/25)/(15/4550925) a prime number?
False
Suppose s + 0*s - 4*s + 819339 = 0. Is s composite?
False
Let s(o) = -2*o + 7*o + 364*o**2 - 6*o - 152*o**2 - 7. Is s(2) a prime number?
True
Let p be (-27)/(-3) + -1 + -5. Suppose -g - 5*x + 2812 = p*g, -g + 703 = -3*x. Is g a prime number?
False
Suppose 57*g - 5*z = 56*g + 29784,